?
571
Calculate the remainder when 166369 is divided by 508.
253
Calculate the remainder when 86790561 is divided by 350.
11
Calculate the remainder when 23645545 is divided by 602.
189
Calculate the remainder when 4722426 is divided by 39351.
306
Calculate the remainder when 4770117 is divided by 622.
621
What is the remainder when 630883 is divided by 15746?
1043
What is the remainder when 13030644 is divided by 1275?
144
What is the remainder when 483732 is divided by 213?
9
Calculate the remainder when 31855926 is divided by 1671.
1653
What is the remainder when 106686 is divided by 1147?
15
What is the remainder when 997557 is divided by 83121?
105
What is the remainder when 1592883 is divided by 11?
6
What is the remainder when 142166 is divided by 515?
26
Calculate the remainder when 4963226 is divided by 50.
26
Calculate the remainder when 1366189 is divided by 1086.
1
Calculate the remainder when 29953 is divided by 2995.
3
Calculate the remainder when 1814839 is divided by 22132.
15
What is the remainder when 167999 is divided by 13976?
287
What is the remainder when 6220499 is divided by 626?
563
Calculate the remainder when 1253036 is divided by 179002.
22
What is the remainder when 253111703 is divided by 45?
23
Calculate the remainder when 19314944 is divided by 19314928.
16
What is the remainder when 135579056 is divided by 435?
431
Calculate the remainder when 2527232 is divided by 61.
2
What is the remainder when 258166 is divided by 2662?
2614
Calculate the remainder when 57327841 is divided by 189.
172
Calculate the remainder when 808550 is divided by 9.
8
Calculate the remainder when 181716205 is divided by 14.
13
What is the remainder when 2282169 is divided by 44746?
123
What is the remainder when 396871 is divided by 9450?
9421
What is the remainder when 15975125 is divided by 104?
101
Calculate the remainder when 732297 is divided by 1077.
1014
What is the remainder when 574292 is divided by 3?
2
What is the remainder when 5267194 is divided by 2149?
2144
Calculate the remainder when 34659 is divided by 426.
153
What is the remainder when 37862 is divided by 5234?
1224
What is the remainder when 6463946 is divided by 38?
32
What is the remainder when 350381 is divided by 87595?
1
Calculate the remainder when 5317304 is divided by 867.
860
What is the remainder when 2500499 is divided by 38469?
14
Calculate the remainder when 48552 is divided by 467.
451
Calculate the remainder when 5695150 is divided by 77.
76
Calculate the remainder when 4091540 is divided by 1363108.
2216
Calculate the remainder when 1093559 is divided by 15622.
19
What is the remainder when 128490874 is divided by 1249?
1248
Calculate the remainder when 2573015 is divided by 4130.
25
Calculate the remainder when 12475808 is divided by 19.
9
Calculate the remainder when 500423 is divided by 100068.
83
What is the remainder when 95322 is divided by 22574?
5026
What is the remainder when 20627 is divided by 9695?
1237
What is the remainder when 5384124 is divided by 4926?
6
What is the remainder when 2995984 is divided by 64?
16
What is the remainder when 123687 is divided by 672?
39
Calculate the remainder when 124712697 is divided by 300.
297
What is the remainder when 6773030 is divided by 3386509?
12
Calculate the remainder when 9362336 is divided by 1279.
56
Calculate the remainder when 707695 is divided by 1053.
79
What is the remainder when 120383 is divided by 1415?
108
What is the remainder when 58163419 is divided by 969390?
19
What is the remainder when 22815859 is divided by 3065?
3064
What is the remainder when 2616 is divided by 537?
468
Calculate the remainder when 239640195 is divided by 1210304.
3
Calculate the remainder when 13414826 is divided by 2221.
2207
What is the remainder when 989050 is divided by 36631?
13
What is the remainder when 26562 is divided by 408?
42
Calculate the remainder when 1626082 is divided by 541989.
115
What is the remainder when 59345199 is divided by 445?
444
Calculate the remainder when 4036449 is divided by 1345483.
0
What is the remainder when 397473 is divided by 12?
9
Calculate the remainder when 1832810 is divided by 1641.
1454
What is the remainder when 24658 is divided by 1525?
258
Calculate the remainder when 1665669 is divided by 495.
489
What is the remainder when 34134 is divided by 799?
576
What is the remainder when 22306 is divided by 163?
138
Calculate the remainder when 879491898 is divided by 9580.
9578
What is the remainder when 409583 is divided by 811?
28
Calculate the remainder when 23495 is divided by 7792.
119
What is the remainder when 3205073 is divided by 168685?
58
What is the remainder when 3184904 is divided by 3297?
2
Calculate the remainder when 9595531 is divided by 218080.
11
What is the remainder when 4320294 is divided by 35?
34
What is the remainder when 294115 is divided by 265?
230
What is the remainder when 14491005 is divided by 207014?
25
Calculate the remainder when 1024346 is divided by 3098.
2006
Calculate the remainder when 4186407 is divided by 85436.
43
Calculate the remainder when 30880719 is divided by 3435.
69
What is the remainder when 7802029 is divided by 309?
88
What is the remainder when 1134345 is divided by 901?
887
Calculate the remainder when 3232 is divided by 825.
757
What is the remainder when 81959 is divided by 496?
119
What is the remainder when 43694141 is divided by 15?
11
Calculate the remainder when 132911 is divided by 8803.
866
Calculate the remainder when 41706 is divided by 132.
126
What is the remainder when 410090 is divided by 4276?
3870
Calculate the remainder when 122505941 is divided by 36.
29
What is the remainder when 2003449 is divided by 559?
552
What is the remainder when 660555 is divided by 89?
86
What is the remainder when 179829726 is divided by 52?
50
What is the remainder when 418948 is divided by 3138?
1594
Calculate the remainder when 500833 is divided by 6034.
11
Calculate the remainder when 1704248 is divided by 48677.
553
Calculate the remainder when 368620 is divided by 45975.
820
Calculate the remainder when 95835 is divided by 30535.
4230
Calculate the remainder when 46651 is divided by 3298.
479
Calculate the remainder when 406 is divided by 76.
26
What is the remainder when 1103783 is divided by 2530?
703
What is the remainder when 517568 is divided by 1545?
1538
What is the remainder when 1467370 is divided by 366825?
70
What is the remainder when 183807 is divided by 978?
921
Calculate the remainder when 343677 is divided by 136.
5
Calculate the remainder when 177964131 is divided by 2532.
2511
Calculate the remainder when 58254696 is divided by 542.
536
Calculate the remainder when 21853 is divided by 10176.
1501
What is the remainder when 23955 is divided by 23811?
144
Calculate the remainder when 2782730 is divided by 574.
552
Calculate the remainder when 847650 is divided by 16620.
30
Calculate the remainder when 1507231 is divided by 125599.
43
Calculate the remainder when 247877 is divided by 726.
311
What is the remainder when 22710075 is divided by 217?
157
What is the remainder when 83233504 is divided by 354?
316
Calculate the remainder when 133611 is divided by 2341.
174
What is the remainder when 10682536 is divided by 14?
4
What is the remainder when 11650184 is divided by 851?
845
What is the remainder when 149614558 is divided by 432?
430
Calculate the remainder when 126318 is divided by 722.
690
What is the remainder when 180356 is divided by 178753?
1603
What is the remainder when 551860 is divided by 551858?
2
Calculate the remainder when 3889299 is divided by 3889291.
8
What is the remainder when 4709696 is divided by 488?
8
Calculate the remainder when 294283 is divided by 876.
823
Calculate the remainder when 179890 is divided by 4460.
1490
What is the remainder when 26995989 is divided by 23?
15
What is the remainder when 196273 is divided by 129?
64
What is the remainder when 15828243 is divided by 1582823?
13
What is the remainder when 239193 is divided by 66?
9
What is the remainder when 126769 is divided by 119346?
7423
What is the remainder when 5007690 is divided by 29284?
126
Calculate the remainder when 8945053 is divided by 1167.
1165
What is the remainder when 2030 is 